 f be r(2). Determine a(f).
-8
Let d(c) be the second derivative of -c**7/2520 - c**6/240 - c**5/60 + 7*c**4/12 + 8*c. Let u(r) be the third derivative of d(r). Calculate u(-5).
-12
Let i = -16 - -19. Let o(f) = 2 - 2*f + i*f + 0 - 6. Calculate o(-3).
-7
Let g = -20 - -22. Let y(n) = -3*n + 18*n**g - 2 + 0 - n**3 - 16*n**2 + 6*n. Calculate y(3).
-2
Let s(t) = t - 2. Let c be s(4). Let l(a) = -c - 3 - 4*a + 3*a + 3. Determine l(-5).
3
Let l(k) = k**3 + 2*k**2 - 7*k - 4. Let h(d) = -d**2 + 1. Let p(m) = h(m) - l(m). Determine p(-4).
-7
Suppose 3*l + 6 = 9. Let v(q) = 6*q**2 + 1. What is v(l)?
7
Let o(r) be the third derivative of r**6/120 + r**5/15 - 5*r**4/24 - 2*r**3/3 + 11*r**2. What is o(-5)?
-4
Let j(k) = -2*k**2 + 1 + 2*k**3 - k + k**2 + 3*k**2 + 0*k. Suppose -2 = -0*s + s. Calculate j(s).
-5
Suppose -3*n + 2*t = -65, 0 = -5*n - t - 4*t + 100. Let j = n - 17. Let p(b) = -b**3 + 3*b**2 + 5*b + 3. Give p(j).
7
Let f(j) = -3*j - 13. Let i be f(-6). Let b(m) = 2*m + 5. What is b(i)?
15
Let h(p) = -p**2 - 4*p - 1. Let w be h(-5). Let t be (21/14)/(w/(-20)). Let s(z) = -4*z**2 - 3*z - z - 4*z**3 + 5*z**3. Give s(t).
5
Let l(h) be the third derivative of -h**7/2520 + h**6/180 + h**5/120 + h**4/24 + h**2. Let w(j) be the second derivative of l(j). What is w(5)?
-4
Let u(a) = a - 12. Suppose 0 = g - 2*g + 5. Suppose -3*j + 8*j - 17 = -2*c, 0 = -5*j + g. Give u(c).
-6
Let u(c) = c. Let i(v) = -v**3 - 2*v**2 - 7*v + 1. Let m(f) = i(f) + 6*u(f). Give m(-2).
3
Let z = -3 + 3. Suppose z = 4*h + h. Let w(x) = -2*x**3 + 3*x + 3*x**3 - 4 + x**2 - 4*x. Calculate w(h).
-4
Let h(j) be the third derivative of -j**4/24 - j**3/2 - j**2. What is h(0)?
-3
Let j(v) = v**2 - 4*v - 3. Let q(t) = -t - 4. Let s be q(-7). Let a(g) = -g**3 + 2*g**2 + 5*g - 2. Let f be a(s). What is j(f)?
-3
Let v(o) be the second derivative of o**3 - 1/2*o**2 + 0 + 2*o. What is v(-1)?
-7
Suppose 0 = -s - 3*s + 24. Let h(r) = -r**3 + 6*r**2 - r + 8. Give h(s).
2
Suppose -3*m = 2*m, -4 = 4*r - 3*m. Let s(x) be the third derivative of -7*x**5/60 + x**3/6 - x**2. Give s(r).
-6
Let g(h) = h**2. Let x(y) = 4*y**2 - 8*y - 9. Let w(u) = -3*g(u) + x(u). Give w(10).
11
Let n(l) = l**2 + 2*l + 1. Let s be n(-1). Let f(y) be the second derivative of -2*y + s + 0*y**2 + 1/6*y**3. Give f(-4).
-4
Suppose 5 = 5*u + 6*o - 2*o, u = -o. Let l(x) = -x. Give l(u).
-5
Let r(j) = -j**3 + 9*j**2 + 3*j - 21. Let q be r(9). Let w(m) = -m**3 + 5*m**2 + 6*m - 2. Give w(q).
-2
Suppose 2*y = 4*y + 2*p + 2, 2*y = 4*p + 22. Suppose 2*l + 5 = -y. Let g(q) = q + 3. What is g(l)?
-1
Let a(h) be the third derivative of -h**5/60 - h**4/8 + 15*h**2. What is a(-3)?
0
Let g(l) be the first derivative of l**2 - 4*l + 241. Let a = 3 + -7. What is g(a)?
-12
Let i(y) = y**3 - 7*y**2 + 5*y + 4. Suppose 4*p - 845 - 343 = 0. Let q be p/44 + 3/(-4). Give i(q).
-2
Let r(m) be the second derivative of 1/3*m**3 + m**2 - 2*m + 1/12*m**4 + 0 + 1/20*m**5. What is r(-2)?
-6
Let n(v) = v + 4. Let j be (21/6)/(2/(-4)). Calculate n(j).
-3
Let z = 1 - -2. Suppose -3*u + 3*q = z, -u + 2*q + 2*q - 10 = 0. Let g(l) = -u - l + 5*l - 3*l**2 + 2*l**3 - l**3. Give g(2).
2
Let a(r) = -2*r + 1. Let p be a(-3). Suppose -4*i = -23 + 7. Let w(s) = i + p*s + 1 + s**2 - 3. Give w(-5).
-8
Let w(p) = 4*p**3 + 6*p**2 + 5. Let i(y) = 7*y**3 + 11*y**2 - y + 9. Let k(x) = -3*i(x) + 5*w(x). Let s be (-8)/(-36) - 76/18. Give k(s).
2
Suppose -3*s + 22 = -5. Let a(d) = s - 5 - 1 + 3*d**2 - d**2 + d**3. What is a(-3)?
-6
Let s = -6 - -6. Suppose -3 + 2 = -d. Let o(z) = -6 + 2*z**3 - z**3 + d. What is o(s)?
-5
Let d(k) = k**3 - k**2 - k - 3. Let l(q) = 2*q**3 - 3*q**2 - q - 6. Let n(p) = 5*d(p) - 3*l(p). Suppose -6 = -2*g - 0*g. Give n(g).
6
Let k(p) = 3*p + 1. Suppose 1 = 4*y - 35. Suppose a - 5*q = -18, a - q = q - y. Calculate k(a).
-8
Let p(q) = 4*q + 1. Suppose -m = -5*m + 5*o - 28, 4*o - 26 = 5*m. Let g = m - -4. Let n = g - 4. Give p(n).
-7
Suppose 0 = -5*x - 4*j + 15, 3*j + 1 + 2 = x. Let f(m) = -1 + 3*m**2 + 4*m**3 + 4*m + 4 - 3*m**x. Let p be f(-2). Let r(s) = 6*s + 1. Determine r(p).
-5
Let p = -11 + 16. Let f(a) = -80*a + a**2 - 3 + 39*a + 38*a. What is f(p)?
7
Let y = -3 - -5. Let n be (-1 - -1)/(y + -4). Let x(o) = -4*o**3 + o**2 + o + 3. Let l(m) = -3*m**3 + m**2 + m + 2. Let t(g) = -5*l(g) + 4*x(g). Give t(n).
2
Let w(a) = 7*a**3 - 10*a**2 - 5*a - 2. Let b(t) = -6*t**3 + 9*t**2 + 4*t + 2. Let y(u) = -6*b(u) - 5*w(u). Let o be 1*(-1)/1*-3. Determine y(o).
-8
Let l be 2/3*9/(-6). Let n = -6 + 8. Let c(s) = 34*s**3 - 28*s**3 + 1 - n*s**2 + 0*s**2. What is c(l)?
-7
Let t(c) = 16 - c**3 + 6*c**2 + 3*c**2 - 5 - c. Let u be t(9). Let z(q) = q**2 - q + 1. Let p(a) = -3*a**2 - a - 5. Let y(i) = u*z(i) + p(i). Determine y(-2).
-1
Let r(s) = -s**3 - s**2 - s + 8. Suppose 0 = -2*v - 4*a + 26, -v + a = -2*a + 12. Let d be v/(-1 + (-5)/(-2)). Let w(i) = i - 2. Let h be w(d). Determine r(h).
8
Let v be 1 + -2 - (-8)/2. Let d(l) = -7*l - 2. Let r(w) be the first derivative of -4*w**2 - 2*w - 1. Let j(g) = -6*d(g) + 5*r(g). What is j(v)?
8
Let v = -72 - -80. Let f(g) = g**2 - 6*g - 3. Give f(v).
13
Let c(i) = -i. Let b = -15 + 10. Calculate c(b).
5
Let a(y) = -y. Let f be (-4)/((-12)/(-27)) - -3. Determine a(f).
6
Let c(t) = t**3 + 3*t**2 - 6*t + 4. Let l(s) = -s**3 + s**2 + s. Let y(f) = c(f) + 2*l(f). Give y(4).
4
Let t(y) = y - 14. Suppose -g - c + 12 = 0, 4*g + c + 48 = 9*g. Calculate t(g).
-4
Let u(s) be the first derivative of -s**5/20 + s**4/6 + 2*s**3/3 - s**2 + s + 3. Let v(l) be the first derivative of u(l). Determine v(3).
1
Let a(j) be the second derivative of -j**4/12 + 4*j**3/3 + j**2/2 - 15*j. Give a(6).
13
Let p(u) = -2*u - 2. Suppose -17 = -3*x + 3*s + 1, 2*s + 18 = 5*x. Suppose -1 = -x*z - 11. What is p(z)?
8
Let w be 1/3 + 66/18. Suppose 2*d - 13 = 5*o - 39, -d = -o + 7. Let p(x) = 3 - x - w - 1 + o. What is p(0)?
2
Let k(m) be the first derivative of -7*m**5/60 - m**4/24 - m**3/6 + 3*m**2/2 - 1. Let a(n) be the second derivative of k(n). What is a(-1)?
-7
Let y(z) = -z**3 - 1. Let v(f) = -5*f**3 + 2*f - 5. Let p(u) = -v(u) + 4*y(u). Let a be p(1). Let i(g) = 3*g**3 - 214*g - 4*g**3 + 213*g. What is i(a)?
0
Suppose -41 = -5*l - 6. Suppose 3*h = l*h - 8. Let b(i) = -i**2 + 2*i. Give b(h).
0
Let c be 0*(15/6 + -3). Suppose c = -4*q + 2*q. Let w(y) = -4 + q + 2*y - 3*y + 3. Calculate w(-1).
0
Suppose 20 = 5*h - 15. Suppose 2*r = -3 + h. Let f(q) = -q**2 + r*q**2 - 2 + 0*q - q. What is f(3)?
4
Let j(r) = r**2. Let g(z) = -4*z**2 - 8*z + 2. Let o(h) = g(h) + 5*j(h). Calculate o(5).
-13
Let f = 3 - 5. Let a(l) be the first derivative of 2*l**2 + 2*l + 1. Give a(f).
-6
Let k(w) = 1. Let u(i) = -7*i + 5. Let d(a) = -6*k(a) + u(a). Determine d(3).
-22
Let f(l) = 3*l - 5. Let u(v) be the first derivative of 3*v**2/2 - 5*v + 3. Let q(x) = 3*f(x) - 2*u(x). Determine q(4).
7
Let c(i) = -i**2 - 1 - 5 - 2 - 7*i. Give c(-6).
-2
Let z(g) = -3*g**3 - g**2 + 2. Let k(w) = -10*w**3 - 2*w**2 - w + 6. Let x(m) = 2*k(m) - 7*z(m). What is x(-4)?
-10
Let i(o) = -2*o**3 - o**2 - o + 6. Let f(q) = 0*q - q - 4*q**3 + 3*q**3 + 5 - 2. Let l(a) = 7*f(a) - 3*i(a). What is l(2)?
-1
Let u(t) = t + 2 + 0 + 1. Suppose y = 3*i + 43 + 34, 3*y = -5*i - 105. Let w = i - -24. Give u(w).
3
Let v(r) be the second derivative of -r**3 - r**2/2 - 8*r. Let p(i) = -i**2 - i. Let x(d) = p(d) - v(d). Calculate x(6).
-5
Let k be -1 + 2 - (-12)/6. Let a = -2 + k. Let i(t) = t**2 + t. Determine i(a).
2
Let l(u) = 4*u - 3. Let x = 7 - 6. Let z(f) = -f. Let q(r) = x*l(r) + 5*z(r). Suppose 2*n + 2*h - 3*h - 12 = 0, 5*n - 4 = -4*h. What is q(n)?
-7
Let l(m) be the third derivative of m**5/60 - m**4/6 - m**3/6 + m**2. Let v = 72 - 69. Give l(v).
-4
Let d(q) = q**3 + 7*q**2 + 6*q - 1. Suppose 3*j = -5*t - 18, t + 1 + 1 = -j. What is d(t)?
-1
Let k(m) be the first derivative of m**2/2 - 12*m + 2. Let j = -21 + 21. Give k(j).
-12
Let o(w) be the second derivative of 4*w + 1/2*w**2 + 0 + 1/3*w**3. Calculate o(1).
3
Let m(u) = 3*u**3 - 3*u**2 + 7*u - 7. Let w(c) = -c**3 + c**2 - 3*c + 3. Let o(k) = -2*m(k) - 5*w(k). Determine o(1).
0
Let o(q) = 5*q**2 - 4*q**2 + 3 - 2*q**2. Give o(-4).
-13
Let s(x) = x**3 - 3*x**2 - 6*x + 5. Suppose -4*g = 3*t - 15 - 4, -67 = -4*t + 3*g. Let y = t + -9. Determine s(y).
-3
Supp